r of 770376?
False
Is 43 a factor of 11747213?
True
Is 68 a factor of 29357844?
True
Is 38 a factor of 181216?
False
Is 94672 a multiple of 194?
True
Is 15 a factor of 87374?
False
Is 392249 a multiple of 169?
True
Is 112 a factor of 30128?
True
Is 4 a factor of 1230427?
False
Is 29 a factor of 398692?
True
Is 218 a factor of 569261?
False
Does 16 divide 187480?
False
Does 21 divide 2226966?
True
Is 8 a factor of 94736?
True
Is 8976748 a multiple of 52?
False
Is 17 a factor of 667675?
True
Is 15 a factor of 2604315?
True
Is 260775 even?
False
Is 97 a factor of 431844?
True
Is 33 a factor of 286834?
False
Does 31 divide 2725999?
False
Is 1632348 a multiple of 11?
False
Is 1367 a multiple of 2?
False
Does 1007 divide 4174015?
True
Is 34941 a multiple of 49?
False
Is 1063180 a multiple of 17?
True
Is 3611427 a multiple of 11?
False
Is 85 a factor of 5259375?
True
Is 15526 a multiple of 6?
False
Does 154 divide 434742?
True
Is 18074 a multiple of 415?
False
Is 405 a factor of 1610685?
True
Is 3591400 a multiple of 40?
True
Does 467 divide 164284?
False
Is 1311 a factor of 12435953?
False
Is 1571665 a multiple of 61?
True
Is 25 a factor of 5758338?
False
Is 661605 a multiple of 19?
False
Is 35470 a multiple of 77?
False
Does 592 divide 1430864?
True
Is 158 a factor of 310636?
False
Is 32804 a multiple of 9?
False
Does 502 divide 1987362?
False
Does 996 divide 3766872?
True
Is 20 a factor of 171036?
False
Does 71 divide 134740?
False
Is 208573 a multiple of 18?
False
Is 35 a factor of 92794?
False
Is 5 a factor of 1123080?
True
Is 384 a factor of 3287424?
True
Is 26586 a multiple of 63?
True
Does 528 divide 68296?
False
Does 2 divide 342414?
True
Is 214486 a multiple of 154?
False
Is 172 a factor of 119860?
False
Is 338180 a multiple of 185?
True
Is 181093 a multiple of 83?
False
Does 16 divide 67358?
False
Is 7505 a multiple of 5?
True
Does 117 divide 389142?
True
Is 927 a factor of 7203717?
True
Is 86 a factor of 59942?
True
Is 606730 a multiple of 5?
True
Does 20 divide 2921460?
True
Is 2849704 a multiple of 1222?
True
Is 2690517 a multiple of 32?
False
Does 12 divide 859920?
True
Does 24 divide 1377528?
True
Is 9341875 a multiple of 45?
False
Is 46104 a multiple of 51?
True
Does 30 divide 1034490?
True
Is 496905 a multiple of 23?
False
Is 341029 a multiple of 11?
False
Does 24 divide 185160?
True
Is 642067 a multiple of 586?
False
Does 32 divide 1507649?
False
Is 59 a factor of 7100875?
False
Is 391 a factor of 777148?
False
Does 3 divide 73577?
False
Does 176 divide 562026?
False
Does 9 divide 1092279?
False
Is 474 a factor of 981654?
True
Does 541 divide 261740?
False
Is 408 a factor of 4468666?
False
Is 9 a factor of 232911?
True
Is 661335 a multiple of 3?
True
Does 74 divide 7859882?
False
Does 65 divide 220025?
True
Does 153 divide 964795?
False
Does 2 divide 12998?
True
Is 11712200 a multiple of 68?
False
Is 20 a factor of 10912798?
False
Is 82 a factor of 65190?
True
Is 10 a factor of 556029?
False
Does 820 divide 1598221?
False
Does 171 divide 1926999?
True
Is 1597865 a multiple of 10?
False
Does 18 divide 237003?
False
Is 4 a factor of 115828?
True
Is 36405 a multiple of 15?
True
Is 16 a factor of 98384?
True
Does 54 divide 1797554?
False
Is 12 a factor of 157608?
True
Is 191223 a multiple of 9?
True
Is 488802 a multiple of 728?
False
Does 5 divide 4084698?
False
Is 40639 a multiple of 4?
False
Is 44115 a multiple of 39?
False
Is 361188 a multiple of 508?
True
Is 2044020 a multiple of 6?
True
Does 81 divide 277813?
False
Does 77 divide 381227?
True
Is 440560 a multiple of 10?
True
Does 195 divide 3174943?
False
Is 72 a factor of 7152597?
False
Does 19 divide 134173?
False
Is 405 a factor of 557280?
True
Is 120 a factor of 6507124?
False
Is 4 a factor of 6190996?
True
Is 32230 a multiple of 10?
True
Is 129938 a multiple of 80?
False
Is 220085 a multiple of 333?
False
Is 76 a factor of 69920?
True
Is 65 a factor of 94820?
False
Is 93600 a multiple of 20?
True
Is 97580 a multiple of 119?
True
Does 78 divide 1264049?
False
Is 181483 a multiple of 4?
False
Is 6957199 a multiple of 278?
False
Is 657776 a multiple of 245?
False
Is 27 a factor of 54355?
False
Is 688744 a multiple of 7?
True
Does 629 divide 1604579?
True
Does 6 divide 1444596?
True
Is 42 a factor of 188668?
False
Does 431 divide 59614?
False
Is 54 a factor of 8557?
False
Is 79226 a multiple of 5?
False
Is 90 a factor of 9301?
False
Is 763954 a multiple of 58?
False
Is 41925 a multiple of 15?
True
Does 38 divide 625404?
True
Does 8 divide 291288?
True
Is 13606687 a multiple of 26?
False
Does 16 divide 684896?
True
Is 117 a factor of 2665260?
True
Is 1136 a factor of 2612173?
False
Is 10 a factor of 107702?
False
Does 173 divide 50123?
False
Does 9 divide 1099747?
False
Is 139 a factor of 3304062?
False
Does 1997 divide 2484268?
True
Is 1192292 a multiple of 347?
True
Is 247972 a multiple of 140?
False
Is 563115 a multiple of 31?
True
Is 2 a factor of 253261?
False
Does 106 divide 9024734?
True
Is 63 a factor of 271665?
False
Is 14 a factor of 1086936?
False
Does 29 divide 608072?
True
Is 185444 a multiple of 259?
True
Does 49 divide 79576?
True
Is 2 a factor of 293245?
False
Does 247 divide 19788295?
False
Is 17724072 a multiple of 24?
True
Is 194480 a multiple of 85?
True
Does 1028 divide 1616016?
True
Is 289 a factor of 1668397?
True
Is 45 a factor of 1043593?
False
Is 754 a factor of 3429062?
False
Is 133 a factor of 56525?
True
Is 72065 a multiple of 203?
True
Does 166 divide 57045?
False
Does 20 divide 16307824?
False
Does 362 divide 11600652?
True
Does 5 divide 46850?
True
Does 3 divide 924469?
False
Does 58 divide 19732043?
False
Does 14 divide 6426154?
True
Does 217 divide 243718?
False
Is 566202 a multiple of 546?
True
Is 11 a factor of 3011338?
True
Is 386568 a multiple of 28?
True
Is 388 a factor of 5533790?
False
Is 14623785 a multiple of 1395?
True
Is 4129690 a multiple of 695?
True
Is 7713 a multiple of 9?
True
Is 25 a factor of 131500?
True
Does 6 divide 421960?
False
Is 444 a factor of 3392160?
True
Is 27 a factor of 201015?
True
Does 5 divide 472901?
False
Does 18 divide 8976474?
True
Does 57 divide 1170495?
True
Does 4 divide 1705120?
True
Is 412464 a multiple of 39?
True
Is 406861 a multiple of 119?
True
Does 26 divide 230955?
False
Is 330990 a multiple of 590?
True
Is 910656 a multiple of 837?
True
Does 46 divide 287270?
True
Is 5997292 a multiple of 28?
True
Does 26 divide 340756?
True
Is 55131 a multiple of 230?
False
Does 34 divide 535296?
True
Does 1232 divide 7658112?
True
Is 3110695 a multiple of 427?
True
Is 16574745 a multiple of 11?
True
Is 6 a factor of 132120?
True
Is 1426048 a multiple of 134?
False
Is 230 a factor of 1686360?
True
Is 4 a factor of 444859?
False
Is 12 a factor of 108636?
True
Is 629165 a multiple of 20?
False
Does 9 divide 117782?
False
Is 2 a factor of 538026?
True
Does 31 divide 10364540?
True
Is 122336 a multiple of 19?
False
Does 120 divide 8428320?
True
Is 17 a factor of 13466010?
False
Does 23 divide 33419?
True
Is 4 a factor of 7198?
False
Is 79170 a multiple of 78?
True
Does 22 divide 327971?
False
Is 99 a factor of 73458?
True
Is 422917 a multiple of 83?
False
Is 7248538 a multiple of 519?
False
Does 1248 divide 28156173?
False
Is 10035 a multiple of 9?
True
Is 758795 a multiple of 565?
True
Does 52 divide 187579?
False
Is 67 a factor of 32093?
True
Is 43 a factor of 2049294?
True
Is 3123094 a multiple of 878?
False
Does 9 divide 406044?
True
Is 35 a factor of 2765?
True
Is 18085327 a multiple of 13?
True
Is 4933871 a multiple of 4?
False
Does 21 divide 61734?
False
Is 42 a factor of 170013?
False
Does 33 divide 5474106?
True
Is 906676 a multiple of 32?
False
Is 33231 a multiple of 33?
True
Does 25 divide 402822?
False
Is 14792778 a multiple of 21?
True
Does 265 divide 4770?
True
Does 11 divide 74331?
False
Is 792 a factor of 10014048?
True
Is 99526 a multiple of 14?
True
Does 5 divide 449604?
False
Is 44390 a multiple of 23?
True
Does 132 divide 337473?
False
Is 94 a factor of 51236?
False
Does 4 divide 9883?
False
Is 22380 a multiple of 12?
True
Does 71 divide 1751523?
False
Is 27105312 a multiple of 74?
True
Does 356 divide 1226369?
False
Is 24 a factor of 31248?
True
Is 348 a factor of 12535416?
False
Is 267 a fac